{"id":101,"date":"2016-07-21T20:15:32","date_gmt":"2016-07-21T20:15:32","guid":{"rendered":"http:\/\/demo.hashthemes.com\/total\/?page_id=101"},"modified":"2023-09-25T16:13:52","modified_gmt":"2023-09-25T16:13:52","slug":"contact","status":"publish","type":"page","link":"https:\/\/medialiteracyforum.media-azi.md\/index.php\/contact\/","title":{"rendered":"Contacte"},"content":{"rendered":"\n<div class=\"wp-block-columns\">\n<div class=\"wp-block-column\">\n<p><strong>Adresa evenimentului:<\/strong><\/p>\n\n\n\n<p>Clasa Viitorului, UPS \u201eIon Creang\u0103\u201d<\/p>\n\n\n\n<p>str. Ion Creang\u0103 1, Chi\u0219in\u0103u, Republica Moldova<\/p>\n\n\n\n<p><strong>Persoane de contact:<\/strong><\/p>\n\n\n\n<p>Anastasia Nani (directoare adjunct\u0103, CJI), <a href=\"mailto:anani@ijc.md\">anani@ijc.md<\/a><\/p>\n\n\n\n<p>Ina Grejdeanu (directoare de dezvoltare strategic\u0103), <a href=\"mailto:igrejdeanu@ijc.md\">igrejdeanu@ijc.md<\/a>\u00a0<\/p>\n\n\n\n<p>Mariana Tabuncic (manager\u0103 de programe, CJI), <a href=\"mailto:comunicare@ijc.md\">comunicare@ijc.md<\/a><\/p>\n\n\n\n<p><\/p>\n\n\n\n<p><strong>Telefon:<\/strong><\/p>\n\n\n\n<p>(+373) 22-213-652<\/p>\n<\/div>\n\n\n\n<div class=\"wp-block-column\"><\/div>\n<\/div>\n\n\n\n<div style=\"height:20px\" aria-hidden=\"true\" class=\"wp-block-spacer\"><\/div>\n\n\n\n<iframe src=\"https:\/\/www.google.com\/maps\/embed?pb=!1m18!1m12!1m3!1d679.7931796817576!2d28.811607029284723!3d47.0368415126973!2m3!1f0!2f0!3f0!3m2!1i1024!2i768!4f13.1!3m3!1m2!1s0x40c97dbf147d4dc5%3A0xa69a34568f769dff!2sBlocul%201%2C%20Strada%20Ion%20Creang%C4%83%201%2C%20Chi%C8%99in%C4%83u%2C%20Moldova!5e0!3m2!1sro!2sus!4v1629211049455!5m2!1sro!2sus\" width=\"100%\" height=\"450\" style=\"border:0;\" allowfullscreen=\"\" loading=\"lazy\"><\/iframe>\n","protected":false},"excerpt":{"rendered":"<p>Adresa evenimentului: Clasa Viitorului, UPS \u201eIon Creang\u0103\u201d str. Ion Creang\u0103 1, Chi\u0219in\u0103u, Republica Moldova Persoane de contact: Anastasia Nani (directoare adjunct\u0103, CJI), anani@ijc.md Ina Grejdeanu (directoare de dezvoltare strategic\u0103), igrejdeanu@ijc.md\u00a0 Mariana Tabuncic (manager\u0103 de programe, CJI), comunicare@ijc.md Telefon: (+373) 22-213-652<\/p>\n","protected":false},"author":1,"featured_media":0,"parent":0,"menu_order":0,"comment_status":"closed","ping_status":"closed","template":"","meta":[],"_links":{"self":[{"href":"https:\/\/medialiteracyforum.media-azi.md\/index.php\/wp-json\/wp\/v2\/pages\/101"}],"collection":[{"href":"https:\/\/medialiteracyforum.media-azi.md\/index.php\/wp-json\/wp\/v2\/pages"}],"about":[{"href":"https:\/\/medialiteracyforum.media-azi.md\/index.php\/wp-json\/wp\/v2\/types\/page"}],"author":[{"embeddable":true,"href":"https:\/\/medialiteracyforum.media-azi.md\/index.php\/wp-json\/wp\/v2\/users\/1"}],"replies":[{"embeddable":true,"href":"https:\/\/medialiteracyforum.media-azi.md\/index.php\/wp-json\/wp\/v2\/comments?post=101"}],"version-history":[{"count":6,"href":"https:\/\/medialiteracyforum.media-azi.md\/index.php\/wp-json\/wp\/v2\/pages\/101\/revisions"}],"predecessor-version":[{"id":1714,"href":"https:\/\/medialiteracyforum.media-azi.md\/index.php\/wp-json\/wp\/v2\/pages\/101\/revisions\/1714"}],"wp:attachment":[{"href":"https:\/\/medialiteracyforum.media-azi.md\/index.php\/wp-json\/wp\/v2\/media?parent=101"}],"curies":[{"name":"wp","href":"https:\/\/api.w.org\/{rel}","templated":true}]}}

<div class="wp-block-columns">
<div class="wp-block-column">
<p><strong>Adresa evenimentului:</strong></p>



<p>Clasa Viitorului, UPS „Ion Creangă”</p>



<p>str. Ion Creangă 1, Chișinău, Republica Moldova</p>



<p><strong>Persoane de contact:</strong></p>



<p>Anastasia Nani (directoare adjunctă, CJI), <a href="mailto:anani@ijc.md">anani@ijc.md</a></p>



<p>Ina Grejdeanu (directoare de dezvoltare strategică), <a href="mailto:igrejdeanu@ijc.md">igrejdeanu@ijc.md</a> </p>



<p>Mariana Tabuncic (manageră de programe, CJI), <a href="mailto:comunicare@ijc.md">comunicare@ijc.md</a></p>



<p></p>



<p><strong>Telefon:</strong></p>



<p>(+373) 22-213-652</p>
</div>



<div class="wp-block-column"></div>
</div>



<div style="height:20px" aria-hidden="true" class="wp-block-spacer"></div>



<iframe src="https://www.google.com/maps/embed?pb=!1m18!1m12!1m3!1d679.7931796817576!2d28.811607029284723!3d47.0368415126973!2m3!1f0!2f0!3f0!3m2!1i1024!2i768!4f13.1!3m3!1m2!1s0x40c97dbf147d4dc5%3A0xa69a34568f769dff!2sBlocul%201%2C%20Strada%20Ion%20Creang%C4%83%201%2C%20Chi%C8%99in%C4%83u%2C%20Moldova!5e0!3m2!1sro!2sus!4v1629211049455!5m2!1sro!2sus" width="100%" height="450" style="border:0;" allowfullscreen="" loading="lazy"></iframe>

<p>Adresa evenimentului: Clasa Viitorului, UPS „Ion Creangă” str. Ion Creangă 1, Chișinău, Republica Moldova Persoane de contact: Anastasia Nani (directoare adjunctă, CJI), anani@ijc.md Ina Grejdeanu (directoare de dezvoltare strategică), igrejdeanu@ijc.md  Mariana Tabuncic (manageră de programe, CJI), comunicare@ijc.md Telefon: (+373) 22-213-652</p>
